3*p - 2066. Let v = -279 - r. What is the units digit of v?
9
Let g(h) = -h**2 - 9*h - 10. Let y be g(-8). What is the units digit of 18*(21/6 - y)?
9
Let f(i) = i - 78. Let t be f(31). Let k = -17 - -12. What is the tens digit of (3 + 17)/k - t?
4
Let s be (36/(-30))/(9/30). Let d = s - -26. What is the tens digit of d?
2
Let t(n) = 3*n**2 - 6*n - 23. What is the tens digit of t(-16)?
4
Let i = 2 - -2. Suppose -5*t - o + 102 + 102 = 0, 209 = 5*t - i*o. What is the units digit of t?
1
Suppose 14 + 86 = -5*u. What is the units digit of ((-24)/u)/((-15)/(-50))?
4
Suppose 5*d = -4*i + 9, 2 = 5*i - 2*d - 1. Let x be 56/6 + i/(-3). Suppose p = -0*p - a + x, -a + 16 = 2*p. What is the units digit of p?
7
Let w(i) = i**3 - 10*i**2 - 15*i + 16. Let h be w(11). Let r = 33 + h. What is the units digit of r?
5
Let v(p) = -p**3 + 3*p**2 + 7*p - 7. Let f(l) = -l**2 + 1. Let a(h) = 5*f(h) - v(h). What is the tens digit of a(9)?
3
Suppose -9 = -5*b + 2*b. Suppose 3*x - 33 = -4*u, 2*u = -x - 3*x + 4. Let r = u + b. What is the tens digit of r?
1
Let s = -15 - -18. Suppose 573 = 6*b - s*b. What is the hundreds digit of b?
1
Suppose -10*c + 6*c = 0. Let o be c/1 - (-1 + -3). Let d = 10 - o. What is the units digit of d?
6
Suppose -3*f = 4*a - 13, 2*f + 5*a = -2*f + 16. Let t be -3*(0 + f) + 2. Suppose 0*g - t*g = -55. What is the tens digit of g?
1
Let p(g) = -g**2 - 27*g - 45. Let h(j) = -6*j**2. Let i be h(-2). What is the tens digit of p(i)?
2
Let a(v) be the first derivative of v**2/2 - 5*v + 6. Let q be a(7). Suppose -q*o - 4 = -10. What is the units digit of o?
3
Suppose 0 = -48*w + 57220 + 20156. What is the tens digit of w?
1
Let m = 65 + -45. Let z = -16 + m. Suppose g - 56 = z*d, -3*d = -2*g + 2*d + 103. What is the units digit of g?
4
Let v(r) = -7*r + 12. Let a(k) = k. Let q(l) = -4*a(l) + v(l). What is the tens digit of q(-8)?
0
What is the tens digit of 12/(-4) - 850/(-2)?
2
Suppose 0 = 3*s - 2*p - 176, -2*p - 325 = -5*s - 25. Suppose -d = -2*d + s. What is the tens digit of d?
6
Suppose -4*h + 3*g + 1 = -30, 5*h - 15 = -g. Suppose -109 = -2*f - h*k + 205, 0 = -5*f - 3*k + 785. What is the hundreds digit of f?
1
Let f = -135 + 20. Let v = f - -251. What is the hundreds digit of v?
1
Suppose -6*p = -4*p - 488. What is the tens digit of p?
4
Let k = -14 - -219. Suppose k = o + 2*c, -2*o + 950 = 3*o - 5*c. What is the tens digit of o?
9
Let u(q) be the second derivative of 1/3*q**4 + 0 - 2/3*q**3 + 0*q**2 + 4*q. What is the tens digit of u(3)?
2
Let n = 111 - 108. Let q(k) = 10*k**2 - 2*k - 6. What is the units digit of q(n)?
8
Let k(x) = x**2 - x - 30. Let r(n) = n**2 - 2*n - 30. Let v(m) = -6*k(m) + 5*r(m). What is the tens digit of v(-6)?
1
Suppose -11*l + 77900 = 8*l. What is the units digit of l?
0
Suppose -5*q + 545 - 1815 = -j, j + 2*q = 1277. What is the units digit of j?
5
Let p(h) = 2*h + 17. Let x be p(-6). Suppose q + 1 + 17 = k, -x*k + q = -90. What is the tens digit of k?
1
Let i(w) = -3*w - 2 + 6*w**2 - 10*w - w**3 - w + 12*w. What is the units digit of i(4)?
2
Let o(f) be the second derivative of -f**5/20 - f**4 + 4*f**3/3 - 11*f**2/2 + 96*f. Let j = -19 + 6. What is the units digit of o(j)?
4
Suppose 650*g - 200 = 654*g. Let s = 12 - 44. Let r = s - g. What is the tens digit of r?
1
Let s(q) = q**2 + 2*q - 15. Let y be s(-5). Suppose y = -4*h + 260 + 236. Suppose 0 = -4*o + i + 132, -i + 0*i + h = 4*o. What is the units digit of o?
2
Let d(q) = -q**3 + 2*q**2 + 5*q + 2. Let o be d(-2). Let b = 68 - o. What is the tens digit of b?
6
Let t(b) = b**3 - 6*b**2 + 4*b + 4. Let a be t(6). Suppose -9*l - a = -7*l. What is the units digit of l/(-5)*5/2?
7
Suppose 2*w + 2*w = 436. Suppose b = 4*n - 0*b - w, -4*b = 4*n - 124. Suppose -z = -n - 8. What is the units digit of z?
6
Let t = -7 + 10. Suppose -16 = 4*c, 2*r + t*c = r + 7. Let l = r + -5. What is the tens digit of l?
1
Let m(j) = j**2. Let h(k) = -4*k**2 - 16*k - 1. Let g(d) = -h(d) - 5*m(d). What is the tens digit of g(8)?
6
What is the tens digit of (-9427)/55*(-30)/4*2?
7
What is the hundreds digit of 2*(252 - (-4)/32*-4)?
5
Let a = 12 + 396. What is the hundreds digit of a?
4
Let a(j) be the third derivative of j**6/72 + j**5/30 + 7*j**4/24 + j**3/2 + 4*j**2. Let z(r) be the first derivative of a(r). What is the units digit of z(-3)?
0
Let n(i) = -3*i + 8. Let k be n(2). Suppose 5*s = 5*z - 510, k*z - s = 4*z - 192. What is the units digit of z?
8
Suppose -8*f = -0*f - 1672. What is the tens digit of f?
0
Let a(r) = 3*r. Let l be a(8). Suppose k - 11 = -5*h + l, 3*k - 3 = 2*h. What is the units digit of h?
6
Let d = 709 - -1582. What is the tens digit of d?
9
Let s be ((-70)/(-15) - 4)*(-141 + -3). Let b = 151 - s. What is the units digit of b?
7
Suppose h = 7*h - 438. What is the tens digit of h?
7
Let u(k) be the first derivative of 30*k**2 + k - 2. Let x = 418 - 417. What is the units digit of u(x)?
1
Suppose -3*k + 13 = 1. Suppose -w + k*r + 5 + 0 = 0, -2*w - 3*r + 21 = 0. What is the units digit of w?
9
Let k = 86 - 48. Suppose -6 = 3*n + 3, -d = 2*n + 28. Let w = d + k. What is the tens digit of w?
1
Let n = 18 + -12. Suppose 591 = n*y - 255. What is the units digit of y?
1
Let b = 103 + -57. Let y = 91 - b. What is the units digit of y?
5
Let a(r) = 290*r**2 + 5*r - 11. What is the tens digit of a(3)?
1
Suppose -i - i = -8. Suppose 0*j + j = -4*o + 12, 18 = o + i*j. Suppose 2*q - 44 = -o*n, 0 = 3*n - 2*n - 4*q + 3. What is the units digit of n?
7
Let q(v) = 2*v**3 - 5*v**2 + 19*v + 3. What is the tens digit of q(7)?
7
Let l(i) = -i**3 - 4*i**2 + 3*i - 8. Let r be l(-4). Let s = r - -54. What is the units digit of s?
4
Suppose 0*u = -2*u + 1044. Suppose t - 2*y = 143, u = 4*t + 3*y - y. What is the hundreds digit of t?
1
Let z be (56/(-10))/(6/(-15)). Suppose 4*y + 2*n + z = 0, 4 = -3*y + 4*n - 1. What is the tens digit of ((-108)/(-42))/(y/(-56))?
4
Let c = -52 - 296. Let n = -178 - c. What is the units digit of n?
0
Suppose 2*b + 120 = 4*a, -3*b - 11 = 5*a + 147. Let k = -4 - b. What is the tens digit of k?
5
Let i = 8 + -1. Let f be (-1 + (-2 - -2))*i. Let d = f - -29. What is the units digit of d?
2
Let h be (26/8*-54)/((-46)/92). Let d = -217 + h. What is the hundreds digit of d?
1
Let h(p) = 1434*p**2 - 26*p - 28. What is the hundreds digit of h(-1)?
4
Suppose -4*o = 0, 2*h = 5*o - 4*o + 4596. What is the hundreds digit of h?
2
What is the units digit of (0 - -1)*1 + (-13 - -18)?
6
Let a(q) be the first derivative of -7*q**4/2 - 2*q**3/3 + q - 6. What is the units digit of a(-1)?
3
What is the tens digit of 1502/2 + 15/((-75)/(-20))?
5
Let t be (28/(-5))/((-12)/30). Suppose -p + 2*v - 6 - 11 = 0, 0 = -5*p - 3*v - 33. Let h = t + p. What is the units digit of h?
5
Let z = 58 - 58. Suppose u - 5*g - 26 - 1 = z, 5*u = g + 87. What is the tens digit of u?
1
Suppose -3*k = 3*y + 12, -5*k + 4*y + 7 = 18. Let s(t) = -8*t**3 + 2*t**2 - t - 10. What is the tens digit of s(k)?
2
Let m be -1*6*1*(0 - 20). Suppose 0 = -3*u + 2*u + m. What is the tens digit of u?
2
Let i be ((-12)/5)/((-21)/(-30) - 1). Let f(s) = -s**2 + 12*s - 13. What is the tens digit of f(i)?
1
Let p = 1905 + -742. What is the units digit of p?
3
Let m(u) be the third derivative of -31*u**6/120 + u**5/60 + u**4/8 + u**3/3 + 5*u**2. What is the tens digit of m(-1)?
3
Let w be ((-4)/12)/(1/(-9)). Suppose 6 = w*k - 2*i + 3*i, 2*i - 10 = -5*k. Suppose -b = -6*y + y + 214, 213 = 5*y - k*b. What is the units digit of y?
3
What is the hundreds digit of (-3)/4*(21 - 1873)?
3
Let j = -29 - -27. Let m = j + 8. Let a = m - -16. What is the units digit of a?
2
Suppose 0 = 10*o - 331 - 369. What is the tens digit of o?
7
Let k(w) = 2*w + 34. Let n = -16 + 31. What is the units digit of k(n)?
4
Let w be -7*3/(42/(-16)). Suppose -2*a + w = -4*u, u - 3 = -3*a + 2. Suppose -40 = -a*s - 4*q - 2, -5*s + 87 = 2*q. What is the units digit of s?
7
Suppose -3*t + 4*h = 27, -4*t - 8 + 0 = 4*h. Let x = t - -34. What is the units digit of x?
9
Suppose -7*p + 5626 = -79. What is the tens digit of p?
1
Let g(o) = -19*o**3 + o + 6. Let j be g(-2). Suppose -4*i + 149 + 64 = 5*w, -3*i + j = 3*w. What is the tens digit of i?
4
Let v(f) be the first derivative of -f**3/3 - 5*f - 4. Let c be v(4). What is the tens digit of (c/(-6))/(2/8)?
1